 -100. What is the highest common factor of c and s?
8
Let m(a) = a**3 - 10*a + 7. Let b be m(4). What is the greatest common divisor of 1 and b?
1
Suppose -70 - 10 = -4*n. Let l be (-4)/10 - (4 - (-232)/n). Let y be 34/6 + l/(-48). What is the greatest common divisor of y and 3?
3
Let p(i) = 15*i**2 - 61*i - 119. Let b be p(-2). Let c be 0 - (0 + -1) - -2. What is the highest common divisor of c and b?
3
Let k = 5 + -1. Let w(u) = -31*u + 6. Let v be w(k). Let p = -10 - v. Calculate the highest common factor of 18 and p.
18
Let k = -280 + 406. Let l = -158 - -186. Calculate the greatest common divisor of l and k.
14
Suppose 360 = 5*b + 2*x, -5*b + 451 - 106 = -x. Let p = -54337 + 54347. Calculate the greatest common factor of p and b.
10
Let z be (-32)/(-112) + (3996/(-7))/(-4). Suppose 0 = 20*v - 9*v - z. Suppose -4*y = -2*y - 130. What is the highest common factor of v and y?
13
Let k be 1/(26/65)*496/10. Calculate the highest common factor of k and 4154.
62
Let b = 7706 - 7698. Let g(c) = 2*c**3 + c**2 - 2*c. Let q be g(2). What is the highest common divisor of q and b?
8
Suppose 2*w + 608*p - 606*p - 188 = 0, 2*p = 4. Calculate the greatest common divisor of 20516 and w.
92
Let c be 12/((4/7)/2). Suppose 0 = -31104*y + 30463*y + 188454. Calculate the greatest common divisor of y and c.
42
Suppose -118 = -9*r + 359. Let n = r + -32. Suppose 3*x - 168 = x. What is the highest common factor of n and x?
21
Suppose -737 = -2*z - 187 + 698. Calculate the highest common factor of 16 and z.
16
Let z be ((-1)/(-3) + 1)/(9/1701). Suppose -75 = -5*l + b + 236, z = 4*l - 4*b. Let g be 5*24/90*465/20. What is the highest common divisor of g and l?
31
Let p be ((-27)/6)/((-5)/20) + -4. Suppose -3*a - 4*n = -2680, -53*a - 4488 = -58*a + 4*n. What is the greatest common divisor of a and p?
14
Let j = -6319 + 6781. Calculate the highest common divisor of 770 and j.
154
Suppose -2748 = -h + 4*u, -2*h + 5*u + 4303 = -1187. Calculate the highest common factor of h and 80.
20
Suppose 28 = r + 6*r. Suppose 0 = -r*x + 9*x - 475. Suppose 4*q = 0, x = 4*m - 4*q - 161. Calculate the greatest common divisor of 16 and m.
16
Let l be 6/10 + (-19)/((-1235)/936). Suppose 3*u - u - 30 = 0. Let h be (0 + u)*(11 + -2). What is the highest common divisor of l and h?
15
Let t = -98 + 102. Suppose -41 = -t*w + f + 21, w - 5*f = 25. Calculate the greatest common divisor of w and 15.
15
Let q(i) = 71*i**3 - i**2 + 10*i - 8. Let g be 2*((-1)/3)/(4/(-6)). Let d be q(g). Calculate the greatest common factor of 576 and d.
72
Let y(f) = -3*f - 30. Let j be y(-11). Suppose j*u + 67 = 64. Let h be (-310)/(-20) + u/2. What is the greatest common divisor of 10 and h?
5
Suppose 0 = -2*g + 2*x + 434, 0*g = 2*g - 5*x - 425. Let c(t) = t**3 - 3*t**2 - 6*t. Let v be c(5). What is the highest common divisor of g and v?
20
Suppose -125*w + 136*w = 825. Let j(l) = -104*l**3 - 2*l - 1. Let g be j(-1). Calculate the greatest common divisor of g and w.
15
Suppose -65 - 60 = -o. Let x(u) = -9*u + 19. Let r be x(-9). Suppose -3*s = 2*a + 2*s - 100, 0 = -2*a - 3*s + r. What is the highest common factor of a and o?
25
Let d(t) = 6*t + 4. Let b be d(-2). Let n(f) = f**2 + 8*f + 10. Let q be n(b). Let v be (q/4)/((-1)/(-732)*6). What is the greatest common divisor of v and 61?
61
Let t be (1 + 15)/(116/192 - 31/(-496)). What is the greatest common factor of t and 52?
4
Let n(i) be the second derivative of 23*i**5/5 - i**4/12 - i**2/2 - 20*i + 3. Let y be n(1). Calculate the highest common factor of 390 and y.
30
Let d(p) be the third derivative of 16*p**4 + 7*p**3/6 + 29*p**2. Let z be d(1). What is the highest common factor of 17 and z?
17
Suppose -30*x = -5*z - 33*x + 1685, 3*z = -x + 1015. Let m = -205 + z. Calculate the greatest common divisor of 75 and m.
15
Let c = -36 + 13. Let x = -8 - c. Let s be (-8)/((-16)/(-14)) + 22. What is the highest common factor of s and x?
15
Let h(k) = 130*k**2 + 9*k + 2. Let n(t) = 3*t + 1. Let d(q) = h(q) - 3*n(q). Let w = -2 + 3. Let r be d(w). What is the highest common factor of r and 43?
43
Let q be ((-18)/8)/(9/(-108)). Suppose -34*x + 30*x + 180 = 0. What is the greatest common divisor of x and q?
9
Let h(v) = 2571*v**2 + 690*v + 1372. Let y be h(-2). Calculate the highest common divisor of 28 and y.
28
Let h(u) = -39*u**2 + 470*u + 2. Let a be h(12). Calculate the highest common divisor of a and 3653.
13
Suppose -8*x + 10*x = 0. Let r be 5 - (x - 0)/3. Let z be r*2 - (4 - 6). Calculate the greatest common factor of 12 and z.
12
Suppose -100*b + 11456 = -99*b + 178*b. Suppose -6 = v + f - 0*f, -2*v + 9 = -5*f. Let h = 11 + v. What is the greatest common divisor of b and h?
8
Suppose -3*r + 195 = -39. Suppose -17 = -10*j + 113. Let d = r + j. Calculate the greatest common divisor of 13 and d.
13
Let x be (-27398)/(-380) + 2/(-20). Suppose -3*r - x + 21 = -2*z, 4*r - 72 = -2*z. What is the greatest common divisor of 18 and z?
6
Let w be (-4)/(7 - 3)*(30 - 45). Calculate the highest common factor of 16755 and w.
15
Let y = 21637 + -13781. What is the highest common divisor of y and 16?
16
Let n be 262 + 1 - (-27)/(1296/(-240)). What is the highest common factor of n and 87?
3
Suppose 123 = 4*t + 3*d, -d = 5*t - 20 - 142. Let y = -88 + 89. Let k be 269 + y + -1 + -5. Calculate the greatest common divisor of t and k.
33
Let b be 2/3*(0 + 525). Suppose 0 = x + 6*x - b. Suppose -5*k + 303 = -72. Calculate the highest common factor of x and k.
25
Let x(m) = -99*m - 112. Let g be x(-50). Calculate the greatest common divisor of 708 and g.
118
Suppose -8*v - 3349 = -b - 4*b, 2*v + 835 = -b. Let t = -390 - v. Let f be ((-4)/(-3))/(1/21). Calculate the highest common divisor of t and f.
28
Let l(s) = 41*s**2 - 2*s - 5. Let m be l(-4). Let o = m - 452. What is the greatest common factor of 23 and o?
23
Let b = 2288 + -1861. What is the highest common factor of 63 and b?
7
Let f = 339 - 309. Suppose 10*a - f = 4*a. What is the greatest common divisor of a and 145?
5
Suppose -3834 = -i - 2*o, -3831 = -16*i + 15*i - 3*o. What is the highest common factor of i and 2160?
240
Let w be ((-35)/14)/(90/(-24192)). What is the greatest common factor of 84 and w?
84
Let d = -44 + 54. Suppose -5*x - 3*h + 244 = -d*x, x + 50 = h. Let s = -28 - x. Calculate the highest common divisor of 190 and s.
19
Let u(y) = 4*y + 303. Let o be u(0). Let j = o - 42. Let x = j - 96. Calculate the greatest common factor of x and 15.
15
Suppose -108 = 3*z + 3*l, z + 32 = -l - 4*l. Let p = -31 - z. Suppose 3*w = -4*q + 60, -77 = -4*w + 2*q + 25. What is the highest common factor of p and w?
6
Suppose 422*d = 413*d + 54. What is the greatest common factor of 55632 and d?
6
Let x be (-1)/2 - (-1)/(6/1335). Suppose -2*k + x = -152. What is the greatest common factor of 22 and k?
11
Let m be (-3971 + -13)/(-6) + 3. What is the highest common factor of m and 174?
29
Let u(t) = 4*t**2 - 40*t - 1516. Let l be u(-42). Calculate the highest common divisor of 80 and l.
20
Let g(w) = w**2 + 1782*w + 5342. Let u be g(-3). Let n be (-8)/3*30/(-4). Let v be (n/(-15))/((-2)/3). What is the highest common factor of v and u?
1
Let w(t) = -t**3 + 5*t**2 + 8*t - 4. Let y be w(4). Suppose 4*x = 19*x - 1980. What is the greatest common divisor of x and y?
44
Let g(o) = 3*o**2 - 2*o - 41. Let r be g(6). Let p be -6 + -1 + 4 - -3. Suppose -3*i + 2*i + 22 = p. What is the greatest common divisor of i and r?
11
Let i(d) = 70*d**2 + 113*d + 11. Let y be i(-5). What is the greatest common divisor of 104 and y?
52
Let j be 80374/12 - (3 + 100/(-24)). Calculate the highest common divisor of j and 11.
11
Let i(h) = -84*h - 180. Let u be i(-4). Calculate the highest common factor of u and 20.
4
Suppose 2*f + 1209 = -17*f + 5807. What is the highest common factor of 1958 and f?
22
Let t(q) = -689*q - 4805. Let v be t(-15). Calculate the highest common divisor of 70 and v.
70
Let g be 8/2 - (-5 - 129). Let t = g - 120. Calculate the greatest common divisor of 42 and t.
6
Let t = -16173 - -16231. Calculate the greatest common factor of t and 4814.
58
Suppose 0 = -339*n + 123*n + 175*n + 1906377. What is the highest common factor of 33 and n?
33
Suppose -2655 = -5*f - 5*s, -2*s + 1677 + 4825 = 12*f. Let p(v) = 11*v - 2. Let x be p(6